 2*b + 13 + 18 = l, 3*b = -l + d. Suppose -2*f + l = -23. What are the prime factors of f?
2, 7
Let w be 32/16 - (7 - 1). List the prime factors of (-314)/w - (-45)/(-18).
2, 19
Let z(c) = 16*c**2 - 10*c + 481. What are the prime factors of z(18)?
5, 1097
Let m(i) = 9*i**2 + 2*i - 2*i**2 - 9*i**2 + 96*i**3 - 1. Let l be m(1). Suppose l = 5*w - 0*w + 2*y, -y = 5*w - 100. List the prime factors of w.
3, 7
Suppose -2*o - 2*t - 2*t + 4 = 0, -10 = -2*o + 2*t. Suppose 3*w = -3*a + 285, 0*w - 98 = -a - o*w. What are the prime factors of a?
2, 47
Let k(a) = 4*a + 5. Let x be k(3). Let i = x - 14. What are the prime factors of i?
3
Suppose 3*j - 5*s = 639, -j + s = -0*s - 215. Let k = -5 + j. What are the prime factors of (-1)/(k/(-53) - -4)?
53
Suppose -2*h + 6 = 0, 4*f + 15 = -5*h - 14. Suppose 14 = 5*w - 1. Let l = w - f. What are the prime factors of l?
2, 7
Let j(b) = -63*b - 88. List the prime factors of j(-29).
37, 47
Suppose -4*d = 8, 38 = -4*q + 2*d - d. Let n(y) = -y**3 - 8*y**2 + 12*y - 12. List the prime factors of n(q).
2, 17
Let m(q) = -q. Let o be m(-3). Let j be 6*(12/8)/o. List the prime factors of 1908/(-24)*(-2)/j.
53
Suppose 4*j + l = 26, -2*j + 21 - 1 = 4*l. Let s(g) = -g**3 + 5*g**2 + 3*g. Let h be s(j). Let x = h + 29. List the prime factors of x.
11
Let a = 14 + -11. Let v be -6 - (6/a - 4). What are the prime factors of v/12*2*-42?
2, 7
Let w(i) = 38*i**3 + 13*i**2 - 17*i - 2. What are the prime factors of w(2)?
2, 5
Suppose 196989 = 73*v - 34*v. List the prime factors of v.
5051
List the prime factors of 18/99 + (-35)/(-110)*10022.
3, 1063
List the prime factors of -6 + 4 + -3 + 1492.
1487
Suppose 6 = -7*a + 10*a. Suppose -a*l = 3*p - 2128, 2*l = -p - 0*l + 716. What are the prime factors of 1/6 - p/(-12)?
59
Suppose -5*u = 435 - 2625. What are the prime factors of u?
2, 3, 73
Suppose 3*r - 6*m + 2*m + 38 = 0, -4*r - 5*m - 30 = 0. Let k = 76 - r. List the prime factors of k.
2, 43
Suppose 2*a - 2*v - 19 = 167, 3*v - 473 = -5*a. What are the prime factors of a?
2, 47
What are the prime factors of 109293/85 + ((-4)/5 - -1)?
2, 643
List the prime factors of 2/(-20)*-4*(-1205)/(-1).
2, 241
List the prime factors of (224/10)/(14/420).
2, 3, 7
Suppose 6*p - 2*p - 1339 = -3*d, 0 = p + d - 335. List the prime factors of p.
2, 167
Suppose 2*l - 8 = 3*c, 0 = l + c + 8 - 2. List the prime factors of l + 9/(-9) + 1*74.
71
Let j = -2 - -4. Suppose -c - 4*n - 10 = -n, -15 = -5*c - j*n. Suppose -3*z - 42 = -c*z. List the prime factors of z.
3, 7
What are the prime factors of (-3 + 1)*552/(-48)?
23
Let j be 0 - -3 - (-37 - 0). What are the prime factors of (42/(-4))/((-15)/j)?
2, 7
Let p = 2 - -2. Suppose 10 = 3*y + p. List the prime factors of (31/(-2) + y)*-2.
3
Let j(p) = 3 + 2 - 13*p + 68*p**3 + 11*p**2 - 67*p**3. What are the prime factors of j(-12)?
17
Suppose 4*i + 5*a = -40, 3*i + 19 + 11 = -4*a. List the prime factors of (-5)/i + (-430)/(-4).
2, 3
Suppose 29*p + 18360 = 46*p. What are the prime factors of p?
2, 3, 5
Let k(d) = 7*d - 2. Let f be k(1). Suppose 2*r = f + 21. Suppose 8*n = r*n - 175. What are the prime factors of n?
5, 7
Let u = 2296 - -1636. List the prime factors of u.
2, 983
Let i(h) = -3*h - 26. Let c be i(-12). Suppose 258 = -8*u + c*u. List the prime factors of u.
3, 43
Let o = 907 - -844. What are the prime factors of o?
17, 103
Let r(z) be the first derivative of z**4/2 - 4*z**3/3 + 3*z**2/2 - z - 3. Let n be r(2). Let u = 7 - n. List the prime factors of u.
2
Let t be 18/14 - 2/7. Let k(v) = v. Let j be k(5). Let i = t + j. List the prime factors of i.
2, 3
Let a be (-4 + 1 + 2)*1. Let m be (-1)/(0 + a/(-58)). Let o = -24 - m. List the prime factors of o.
2, 17
Suppose -4*q = -2*c + 65 + 163, c - 120 = 5*q. List the prime factors of c.
2, 5, 11
Let w(o) = o**3 + 14*o**2 + 12*o - 8. Let q be w(-13). Suppose 4*v - 74 = 2*v + 5*r, 5*v - 220 = -q*r. Suppose -k - k + v = 0. List the prime factors of k.
3, 7
Let c be (3/6)/(2/8). Suppose -2*i + 2 = 0, -w - 34 = -5*w - c*i. Suppose w*g + 7 = -l + 4*g, -3*l - g = -34. What are the prime factors of l?
13
Let y(i) = 208*i**2 + 13*i + 30. List the prime factors of y(-2).
2, 11, 19
Let r be 9/21 + (-11)/(-7). List the prime factors of (2/r)/((-2)/(-34)).
17
Let z = 261 + 459. List the prime factors of z.
2, 3, 5
Let i be 21/(-6)*(-440)/4. Suppose j - v - 69 = 0, 0*j - 5*v + i = 5*j. What are the prime factors of j?
73
What are the prime factors of 1/(-49 + 44 + 3206/641)?
641
Let f(v) be the first derivative of v**3/3 + 5*v**2/2 - 14*v + 1. Let q be (-1)/(5/15) - (-14)/(-2). What are the prime factors of f(q)?
2, 3
Suppose -16 = -3*b - x + 2*x, -4*b = -4*x - 24. Let i be 3/5 - (-132)/55. Suppose i*w = -3*h + 39, -b*w + 45 = h + 2*h. What are the prime factors of h?
2, 5
List the prime factors of (-36*84/90)/((-2)/40).
2, 3, 7
Suppose 37*t + 16803 = 84328. List the prime factors of t.
5, 73
Suppose -5*n + 140 = -5*m, 4*n - 2*m - 82 = n. Let y be (-4)/n + (-2796)/78. What are the prime factors of 5 + -3 + 0 - y?
2, 19
Let l = 20 - 24. What are the prime factors of ((-2)/(16/1076))/(l/8)?
269
Suppose 2*b = h - 34, 3*b + 32 = b + 2*h. What are the prime factors of (-698)/b + (-12)/(-54)?
3, 13
Let y(g) = 2 - 3*g + 136*g**2 + 17*g**2 - 17*g**2. List the prime factors of y(1).
3, 5
Suppose 3118 = a - 3*k, 3 = -5*k - 22. List the prime factors of a.
29, 107
Suppose 2*y - 6*y = a - 2, 8 = -4*y. Suppose 832 + 368 = a*x. List the prime factors of x.
2, 3, 5
Suppose 5*t - 56 = -211. Let q = t - -87. List the prime factors of q.
2, 7
Let x = 13 + -22. Let t(j) = j**3 + 10*j**2 + 11*j + 12. Let s be t(x). What are the prime factors of (-45)/(-7) + s/14?
2, 3
Let t be (0 + -24)/(1/(-1)). Suppose -2*l + t = l. What are the prime factors of l?
2
Suppose 5*h - 41 = -3*y, -2*h + y - 6 + 29 = 0. Let o = h - 5. Suppose -27 - 133 = -o*b. List the prime factors of b.
2
Suppose -4*y + 32 = -0*q - 4*q, -3*y - 4*q - 11 = 0. Suppose -2*s = -s - y. Suppose s*i + 2*g = 68, 4*i - 5*g - 64 = -g. List the prime factors of i.
2, 5
Let r(g) be the third derivative of g**4/6 + 9*g**3/2 + 4*g**2 - 2. What are the prime factors of r(5)?
47
Let b(i) = 2*i**2 + 4*i + 8. Let z be b(-4). Let h be 16/(-4) + (48 - 0). Let y = h - z. What are the prime factors of y?
2, 5
Suppose m = -4*q + 321, -7*q - m + 78 = -6*q. What are the prime factors of q?
3
Let k(p) = -p**3 + 9*p**2 + 9*p - 17. Let u be k(9). Let b = u + -12. What are the prime factors of b?
2, 13
Let l = -21 + 22. What are the prime factors of 4 + l*-6*-5?
2, 17
Let n = -5 + -4. Let t be 10/((n + 3)/(-3)). Suppose -53 = -t*o + 12. What are the prime factors of o?
13
Let i(u) = u**2 + 10*u + 2. Let c be i(-10). List the prime factors of ((2 - 3)/(-1))/(c/226).
113
Let z be ((-60)/24)/(1/(-2)). Let g(q) = 7*q - 1. Let y be g(3). What are the prime factors of 2 - z/(y/(-172))?
3, 5
Let u be (2/(-5))/(2/(-10)). Suppose 0 = -4*t - u*o - 14, -t + 6 = -5*o - 7. List the prime factors of 3 + t - 0 - -27.
2, 7
List the prime factors of -6 + (-492)/9*-6.
2, 7, 23
Let l(z) = -12*z - 14. Suppose 0 = w + 4, -2*u + 5*u = w - 17. List the prime factors of l(u).
2, 5, 7
Suppose 3*g - 9369 = -2*f, 93*g = 91*g + 3*f + 6233. List the prime factors of g.
3121
Suppose -20*f + 18*f = -2*d + 470, -f + 4 = 0. List the prime factors of d.
239
Let b(u) = u + 7. Let m be b(-3). Suppose x + 5 - 2 = 2*a, 0 = 2*a - m*x + 6. Suppose a*n = 84 + 27. What are the prime factors of n?
37
Suppose -4*v - 3*q + 92 + 10 = 0, 2*v - 46 = -4*q. Let z = v - -25. Suppose 5*r - 98 = z. List the prime factors of r.
2, 3, 5
Suppose -15 - 1 = 2*c. Let d be (c/10)/((-8)/40). Let a = d + 0. What are the prime factors of a?
2
Let a = -1733 + 3028. What are the prime factors of a?
5, 7, 37
Suppose 14 = 3*m + q, -4*m + 2 = -q - 5. List the prime factors of 5*(m + -23)/(-2).
2, 5
Let r be 0*((-2)/5)/(20/25). Suppose t - 97 = -r*t. What are the prime factors of t?
97
Suppose -5*g = -o - 73, 7*g - 2*g - 5*o - 85 = 0. Suppose 0*q = 4*q - 8. Suppose q*m + g = 3*m. List the prime factors of m.
2, 7
Suppose -3*d = -5*g - 7 - 14, 0 = -4*d + 3*g + 17. Let q be 3/(d + 2 + -3). What are the prime factors of 664/40 - q/5?
2
Let o(g) = -g**3 + 11*g**2 - 15*g - 20. What are the prime factors of o(9)?
7
Let o = 21 + -